t x = 398 - 393. Let f(g) = -g - 10. Let v(q) = -2*q - 11. Let i(c) = -4*f(c) + 3*v(c). Determine i(x).
-3
Let r(m) = -m**2 + 3*m. Let l be r(2). Let a(n) = 11 + l*n - 12 - 3*n. Give a(-4).
3
Let w(l) = 1 - 1 - 1 - 4*l - l**3. Let a(u) = 4*u**3 + 11*u + 3. Let y(s) = -3*a(s) - 8*w(s). Let x be -1*1/2*2. Give y(x).
4
Let n(i) be the first derivative of 2 + 2/3*i**3 - i + 1/2*i**2. Give n(1).
2
Let p(w) = -5*w**2 - 3*w. Let v(d) = 6*d**2 + 4*d. Let y(g) = -g**2 + 5*g - 2. Let o be y(4). Suppose -o*f = -5*f - 9. Let r(t) = f*v(t) - 4*p(t). What is r(1)?
2
Let c(v) = v**3 + 1 - 6*v**3 - v - v + v**2. Suppose -5*r = -10*r + 5. What is c(r)?
-5
Let p be (2 - -2)*2/4. Let m(d) = -d**3 + 2*d**2 - 4*d + 3. Let y be m(p). Let i(k) be the third derivative of -k**4/12 - 5*k**3/6 + k**2. Give i(y).
5
Let c(x) = 3*x - 3. Let b = -5 + 0. Let l(a) = a**2 + 5*a + 2. Let r be l(b). Determine c(r).
3
Let x(y) = y + 1. Let v be x(2). Let l be (v/2)/(18/(-24)). Let p(o) = 0*o + 0*o + o + 3. Give p(l).
1
Let u(k) = 10*k**3 - 2*k**2 + k. Suppose 2*a - 4*h - 14 = 2, 4*h = 3*a - 22. Let x = -5 + a. Calculate u(x).
9
Let w = -26 - -24. Let f be 2 - ((0 - 1) + 1). Let n(z) = -1 - 3*z**2 - f*z + z**3 + 2*z**2 + 0*z**2. Give n(w).
-9
Let x(z) = 3*z + 3*z + z + z**2. What is x(-7)?
0
Suppose -24*p = -25*p + 2. Let m(j) = -j**3 + j**2 + 2*j + 1. Determine m(p).
1
Let s(z) = -232 + 8*z + 232. Determine s(-1).
-8
Let q be (9/3 - 8)*1. Let i(g) = -g**3 - 6*g**2 - 4*g. What is i(q)?
-5
Let p(u) be the second derivative of -2*u**3/3 - u**2/2 + 2*u. Determine p(-1).
3
Let i(b) = 5*b. Suppose -2*x = 4 - 2, 2*n - 5*x = 11. Let f be n/(3 - 78/28). Let r be (-32)/f + 2/7. Calculate i(r).
-10
Suppose -3*x = -6*x + 6. Let w(r) = 6*r. Let z(k) = -2*k. Let m(v) = -3*w(v) - 5*z(v). What is m(x)?
-16
Let s(t) = 11*t**2 + 4*t + 5. Let l(o) = -o - 1. Let h(u) = -5*l(u) - s(u). Calculate h(-1).
-12
Let x = 15 + -9. Let p(h) = -h**2 + 7*h - 4. What is p(x)?
2
Let r(z) be the second derivative of 1/12*z**4 + 0 + z - 5/2*z**2 + 5/6*z**3. Let c be (-1 + 6)/((-3)/3). Determine r(c).
-5
Let n(m) = 3*m + 2. Let f(j) be the second derivative of j**3/3 + j**2 - j. Let o(y) = -4*f(y) + 3*n(y). Give o(4).
2
Let i(r) = -r**2 - 3*r + 3. Let o = 5 - -3. Let w = o + -6. Suppose 0 = u + w, -3*u + 6*u = -3*a - 15. Determine i(a).
3
Let x(b) be the second derivative of b**4/12 - b**3/2 + b**2 + 2*b. Let o be (100/80)/(2/8). What is x(o)?
12
Let k(w) be the second derivative of w**4/12 - w**3/2 + w**2/2 + w. Suppose 3*d + 2*d = 10. Calculate k(d).
-1
Let f(r) = r**2 - 6*r + 3. Let a = 2 + 2. Calculate f(a).
-5
Let s = -1 + 1. Let w = -8 + 10. Let k(i) = i + 2*i**w - 1 + s + i**2. What is k(1)?
3
Let f(x) = 3*x**3 + 3*x**2 + x. Let y be f(-1). Let h(p) be the first derivative of -2 + p - 1/2*p**2. What is h(y)?
2
Let z = -55 + 56. Let r(j) = -13*j**3 + j**2 - 1. Determine r(z).
-13
Suppose 12 = 5*f - f. Suppose 2*z = -4*c - 2 - 18, 4*c - f*z + 20 = 0. Let r(s) = -s**2 - 5*s - 2. What is r(c)?
-2
Let f(l) = 3 + 7*l**2 - l**3 + 4*l - 3*l**2 - 11*l + 3*l**2. Let c be 336/54 + 4/(-18). What is f(c)?
-3
Let c(y) = y**2 + 1. Suppose 0 = -3*l - 2*z - 14, -l - 11 = 2*z - 1. Let o be (l/4)/(3/6). Calculate c(o).
2
Let z(g) = 2*g - 3. Let l(b) = -3*b + 10. Let o be l(5). Give z(o).
-13
Let i(m) be the second derivative of -m**3/3 - 3*m**2/2 - 2*m. Give i(-2).
1
Let m = 4 - -2. Let o(z) = -z**2 + 8*z - 8. Give o(m).
4
Let c be (6 + -2)*(-6)/4. Let o(u) = 6. Let h(a) = a + 11. Let b(x) = -3*h(x) + 5*o(x). Give b(c).
15
Let q(c) = 6*c**3 - c**2 - c + 6. Let j(s) = 7*s**3 - 2*s**2 - s + 7. Let k(h) = -5*j(h) + 6*q(h). Calculate k(-4).
5
Let c(q) = q**3 - 3*q**2 - 2*q + 6. Let m be (-1)/(-9) - 140/(-36). Calculate c(m).
14
Let p(r) = r. Let c(v) = -3*v + 1. Let j(u) = c(u) - p(u). Suppose 2*a = -4*m - 24, -5*a - 21 = m - 6. Let w(z) = z. Let x(n) = a*w(n) - j(n). Determine x(-2).
-5
Let a(f) = -f**2 + 5*f + 4. Let z(g) = -g**3 - 11*g**2 + 10*g - 17. Let b be z(-12). What is a(b)?
-10
Let d be ((-9)/(-6))/((-6)/(-8)). Let j(q) = -2 + 1 + 4 + 5*q - 2. Give j(d).
11
Suppose 5*i - 5 = -w, 2*w = 4*i + 4*w + 2. Let r = 1 + i. Let m(u) = -2*u**2 - u**r + 0*u**3 + 5*u**2 - 1. What is m(2)?
3
Suppose -62 = -7*s - 6. Let a(t) = -t**3 + 7*t**2 + 9*t - 3. Calculate a(s).
5
Let o(m) = 36*m + 1 - 61*m - m**2 + 26*m. Determine o(0).
1
Let u(p) = p**2 - 3. Let x be (2 - (-8)/4)*-1. Give u(x).
13
Let l(g) be the first derivative of -g**4/4 - 7*g**3/3 - 2*g - 11. Determine l(-7).
-2
Let l(r) = r**3 + 6*r**2 - 10*r - 10. Let b = -60 - -53. Calculate l(b).
11
Let k(t) = t - t + 19 - 20 + t**3 + 3*t**2. Give k(-3).
-1
Let p be (-28)/(-12) + (-1)/3. Let w(h) = -3 + 0 + p*h + 0. Let f be w(2). Let v(u) = -u - 1. What is v(f)?
-2
Let a(p) = 4*p + 10*p + 0*p - 12*p. Suppose -m - 14 = -5*y, -4*y - 4*m = -6*m - 16. Suppose -f = -y*f - 5. Calculate a(f).
-10
Let r(j) be the second derivative of -j**4/12 - j**3/6 - j**2/2 - 10*j + 1. Determine r(0).
-1
Let f(m) = -m**2 - 2*m + 3. Let h be 20/(-6) + 14/42. Give f(h).
0
Let x(q) = -q**2 - 4*q + 7. Let a be ((-3)/(-3))/((-2)/10). Determine x(a).
2
Let y(d) = d**3 - 3*d**2 - 4*d - 9. Let f(a) = 3*a**3 - 9*a**2 - 12*a - 26. Let i(c) = 4*f(c) - 11*y(c). Give i(4).
-5
Suppose 5*f = 13*f - 24. Let u(l) = -4 - 2*l**2 - l + 0*l**2 + 4*l**2. Give u(f).
11
Let w(v) = -v**3 - 13*v**2 - 13*v - 7. Let p = -129 - -117. Determine w(p).
5
Let v(y) = -y + 2. Let h(g) = g**2 - 5*g + 1. Let k be h(3). Let f = 10 + k. What is v(f)?
-3
Let l(y) = -y**3 - y**2 - y + 9. Let w(i) = i**3 + i**2 + i. Let q be w(0). Give l(q).
9
Suppose 0 = 3*g + 1 + 20. Let p(v) = v**3 + 6*v**2 - 6*v + 3. Give p(g).
-4
Let p(h) = -21 + 4*h + 3*h + 62 - 42. Let z be (-7)/9 + (-2)/9. Calculate p(z).
-8
Let s(x) = -6*x - 13*x + 21*x. Determine s(3).
6
Let x(m) = m**2 + m - 10. Let j(f) = 3*f**2 + 4*f - 30. Let b(t) = -2*j(t) + 7*x(t). Calculate b(0).
-10
Let k(c) = 3*c**3 - 6*c**2 - c + 11. Let o(m) = -7*m**3 + 12*m**2 + 3*m - 23. Let r(n) = 9*k(n) + 4*o(n). Determine r(-6).
-11
Let t = 32 + -29. Let s(w) = 3*w - 3. Calculate s(t).
6
Let l(r) be the third derivative of -5*r**4/24 - r**3/6 + 4*r**2. Give l(-1).
4
Let k(r) be the first derivative of 2*r**2 + 3*r**2 - 2*r + 3 - 4*r**2. Calculate k(2).
2
Let r(v) = -v**2 + v + 1. Let c = -14 - -12. Give r(c).
-5
Let i(m) = m**2 + 2*m. Let l = -12 + 9. Calculate i(l).
3
Let a(f) = f + 10. Let i be ((-42)/9)/(6/9). Give a(i).
3
Let t(f) be the second derivative of f**4/2 - f**3/2 - 3*f**2/2 + 62*f. Give t(-2).
27
Let z(c) be the third derivative of -c**5/60 + c**4/12 + c**3/6 - c**2. Let x = 7 - 3. Suppose -x*m + 11 = -1. Determine z(m).
-2
Let x(f) = -7*f**2 + 12*f - 4. Let c(y) = -4*y**2 + 6*y - 2. Let l(w) = 5*c(w) - 3*x(w). Let j be 0 + 2 + 2 + 2. Let z = j - 2. Determine l(z).
-6
Let o(w) = w**2 + 3*w + 6. Let q be ((-12)/(-15))/(7/(-35)). Determine o(q).
10
Let t = -14 + 26. Let k(p) = -4*p - 6*p + t*p. Give k(-5).
-10
Let w(v) = v. Let d(z) = -1. Let n(g) = g + 11. Let j(y) = 6*d(y) + n(y). Let f be j(-6). Determine w(f).
-1
Let s be ((-3)/9)/(2/(-18)). Suppose -f = a - 4, -5*a - s*f = -5 - 11. Let w(q) = 2*q**3 + q**2 - 4*q**3 + a*q**3 + 1 + q - 7*q**3. Determine w(-1).
8
Suppose -2*s + 0*s = 6. Let p(t) = 3 - 8 - 2 + t + 3. Determine p(s).
-7
Let x(d) = -4*d**2 - 2*d + 2. Let u(b) = -b**2 + 1. Let c(t) = -5*u(t) + x(t). Give c(3).
0
Let q(x) = -4*x - 11. Let y = -1 + 8. Let m(k) = -k - 4. Let l(u) = -2*u - 8. Let c(r) = -6*l(r) + 13*m(r). Let h(v) = y*c(v) - 2*q(v). Calculate h(0).
-6
Let y(u) be the second derivative of 1/6*u**3 - 3*u + 0 - 1/2*u**2 + 1/12*u**4 - 1/10*u**5. What is y(1)?
-1
Let l(t) = 7*t**2 - 6*t + 4. Let s(o) = 6*o**2 - 6*o + 4. Let u be (-1)/2*-2 - -5. Let x(i) = u*s(i) - 5*l(i). Suppose 0 = 3*b - 17 + 2. Give x(b).
-1
Suppose m = 1 + 4. Suppose m = -5*w + 20. Let z(k) = 8*k**w + 5 + k**2 - 2 + k - 2. Calculate z(-1).
-7
Let o(t) = -t + 1. Let j(b) = 2 - 4 - 1 + b - 2. Let q = -2 + 2. Let n be j(q). Calculate o(n).
6
Suppose 0 = y - c + 5*c + 20, c = 5*y - 5. Let k be 3*(y - 1)/3. Let r(h) = -4*h**2 - 2*h - 1. What is r(k)?
-3
Let b(c) be the second derivative of -c**5/20 + 5*c**4/12 + 4*c**3/3 - 2*c**2 - 3*c - 7. Give b(6).
8
Let z(g) be the first derivative of -2*g**3/3 -